{"id":10,"date":"2014-07-07T14:17:02","date_gmt":"2014-07-07T12:17:02","guid":{"rendered":"http:\/\/pcooa-ev.de\/website\/?page_id=10"},"modified":"2021-12-12T12:55:03","modified_gmt":"2021-12-12T11:55:03","slug":"geschichte-und-ziele-des-vereins","status":"publish","type":"page","link":"https:\/\/police-car.com\/website\/ueber-den-verein\/geschichte-und-ziele-des-vereins\/","title":{"rendered":"Vereinsgeschichte"},"content":{"rendered":"<p><strong>PCOOA \u2013 Was ist das \u00fcberhaupt?<\/strong><\/p>\n<p>Vielleicht hat der eine oder andere bereits einmal diese Buchstabenkombination geh\u00f6rt bzw. irgendwo mal mitbekommen. \u201ePCOOA\u201c steht f\u00fcr <a href=\"http:\/\/www.policecarowners.com\/\" target=\"_blank\" rel=\"noopener noreferrer\">Police Car Owners of America<\/a> und ist der Name eines Zusammenschlusses von Polizeifahrzeugsammlern in den USA.<\/p>\n<p>Im Jahre 1991 durch den pensionierten Police Sergeant James Post gegr\u00fcndet, war es das Ziel einen Automobil-Club f\u00fcr amerikanische Polizeifahrzeuge zu schaffen.<\/p>\n<p>Durch seine Kontakte in die USA und die Leidenschaft zum Polizeiwesen beschloss der deutsche Sammler R\u00fcdiger Lotz einen Ableger in Deutschland aufzubauen. 1997 gr\u00fcndete er daher mit Hilfe Gleichgesinnter in Deutschland den \u201ePolice Car Owners of America European Chapter\u201c<\/p>\n<p><img loading=\"lazy\" decoding=\"async\" class=\"aligncenter wp-image-933 size-full\" src=\"https:\/\/police-car.com\/website\/wp-content\/uploads\/2017\/01\/PCOOA-EC-1997.gif\" alt=\"\" width=\"381\" height=\"444\" \/><\/p>\n<h6 style=\"text-align: center;\">Das erste PCOOA European Chapter Abzeichen (Patch) aus dem Gr\u00fcndungsjahr 1997<\/h6>\n<p>In einer Zeit, als das Internet gerade erst f\u00fcr Jedermann zug\u00e4nglich wurde, bestand das Hauptziel darin, eine Interessengemeinschaft f\u00fcr amerikanische Polizeifahrzeuge in Deutschland zu etablieren.<br \/>\nSchon fr\u00fch setzte man daher auf eine Internetpr\u00e4senz mittels einer selbst unterhaltenen Website.<br \/>\nHier konnten sich erstmalig viele Interessierte auch au\u00dferhalb der USA rund um das Hobby informieren.<\/p>\n<p>Es wurde neben Fotos und zahlreichen Texten rund um amerikanische Polizeifahrzeuge auch ein Internetforum betrieben. Schon weit bevor es soziale Medien gab, bot sich mit dem Forum eine gute Kommunikations-und Informationsplattform.<\/p>\n<p>Bereits drei Jahre sp\u00e4ter im Jahre 2000 beschloss man aufgrund auch der nun deutlich gestiegenen Anzahl an Mitgliedern einen eingetragenen Verein zu gr\u00fcnden. Mit einer f\u00fcr sich typischen Vereinsstruktur gab es nun eine bessere und einfache Handhabung des Zusammenschlusses der Mitglieder. Au\u00dferdem wurde ein weiterer Schritt in Professionalisierung des Hobbys getan.<\/p>\n<p>Schon damals war es das Ziel, die Fahrzeuge authentisch und so weit wie m\u00f6glich original aufzubauen bzw. zu restaurieren. Man muss dazu wissen, dass die Automobilhersteller in den USA bereits seit mehreren Jahrzehnten spezielle Versionen ihrer Fahrzeugmodellpalette z.B. f\u00fcr Polizeibeh\u00f6rden anbieten. Genau diese Fahrzeuge mit einem Police Package bzw. Fahrzeuge, die wirklich im Polizeidienst standen, wollte und will man noch heute erhalten.<\/p>\n<p>Mittels eines Kategoriensystems beschloss der damalige Vorstand den Anreiz zu schaffen, alle Mitglieder zu \u00fcberzeugen, dass der Erhalt eines Originals ein erstrebenswertes Ziel sein sollte.<\/p>\n<p>Die Entwicklung in den Jahren zeigte, dass immer mehr Mitglieder auf Originalfahrzeuge zur\u00fcckgriffen. Das lag zu einem an der Tatsache, dass mit Hilfe des Internets die Beschaffung eines solchen Fahrzeuges auch einfacher geworden ist, aber auch durch Arbeit des Vereins hin zur Originalit\u00e4t. Auf der Jahreshauptversammlung 2013 beschlossen die Mitglieder nur noch Fahrzeuge mit Police Package bzw. Fahrzeuge, die nachweislich im Polizeidienst standen, in den Verein aufzunehmen.<\/p>\n<p><img loading=\"lazy\" decoding=\"async\" class=\"aligncenter wp-image-916 size-full\" src=\"https:\/\/police-car.com\/website\/wp-content\/uploads\/2014\/07\/IMG_4355.jpg\" alt=\"img_4355\" width=\"768\" height=\"314\" srcset=\"https:\/\/police-car.com\/website\/wp-content\/uploads\/2014\/07\/IMG_4355.jpg 768w, https:\/\/police-car.com\/website\/wp-content\/uploads\/2014\/07\/IMG_4355-300x123.jpg 300w\" sizes=\"auto, (max-width: 768px) 100vw, 768px\" \/><\/p>\n<p>Auf Grundlage der Originalit\u00e4tsanspruches entsteht eine weitere interessante Eigenheit des Hobbys: Selten bleibt der Kontaktversuch von Mitgliedern zu der Polizeibeh\u00f6rde in den USA, wo das eigene Fahrzeug seine Dienstjahre verbracht hat, unbeantwortet. Sehr positiv und erfreut wird in der Regel die Nachricht aufgenommen, dass man ein altes Fahrzeug seiner Beh\u00f6rde in \u201egood old Germany\u201c erh\u00e4lt und pr\u00e4sentiert. So entstanden schon manche gute Freundschaften weit \u00fcber den Atlantik hinaus!<\/p>\n<p>Durch jahrelange Erfahrung beim Betreiben des Hobbys ist dem PCOOA klar, dass er nicht in eine Schublade von M\u00f6chtegern-Cops gesteckt werden will. Wir m\u00f6chten die Fahrzeuge als kulturelles Automobilgut erhalten. Dabei halten wir uns an geltende Gesetze und Verordnungen des Stra\u00dfenverkehrs! Daher haben sich alle Mitglieder explizit verpflichtet, Sondersignalanlagen am Fahrzeug nicht im \u00f6ffentlichen Verkehr zu betreiben. Zus\u00e4tzlich werden Leuchtbalken auf dem Dach lichtundurchl\u00e4ssig abgedeckt.<\/p>\n<p><strong>Wie und wo pr\u00e4sentiert sich der Verein?<\/strong><br \/>\nGrunds\u00e4tzlich ist es so, dass fast jedes Mitglied eines oder sogar mehrere Fahrzeuge besitzt. Sie sind Privateigentum des jeweiligen Mitglieds, der Verein selbst unterh\u00e4lt kein eigenes Fahrzeug.<br \/>\nSo ist es immer wieder m\u00f6glich, ein solches Fahrzeug urpl\u00f6tzlich im \u00f6ffentlichen Stra\u00dfenverkehr zu bestaunen.<\/p>\n<p>\u00dcber die Kontaktdaten des Vereins erhalten wir regelm\u00e4\u00dfig Einladungen zu den unterschiedlichsten Veranstaltungen aus ganz Deutschland und sogar Europa. Neben klassischen Automobilmessen und Oldtimertreffen pr\u00e4sentieren wir uns auch auf Blaulichttagen, welche von Feuerwehr und Rettungsdiensten sowie der Polizei organisiert werden. Regelm\u00e4\u00dfig erhalten wir auch Einladungen zu einem \u201eTag der offenen T\u00fcr\u201c bei Polizeibeh\u00f6rden oder auch Polizeimuseen. Veranstaltungen sind immer sehr vielseitig und so kann es sein, dass wir eine gemeinn\u00fctzige Organisation durch unsere Teilnahme unterst\u00fctzen oder auch eine Parade mit unseren Fahrzeugen anf\u00fchren d\u00fcrfen.<\/p>\n<p><strong>PCOOA European Chapter e.V. in der heutigen Zeit<\/strong><br \/>\nWir sind ein Verein, bei dem das Miteinander unter Freunden eine gro\u00dfe Rolle spielt. Man kennt sich gut untereinander und Neumitglieder berichten oft, wie reibungslos der Eintritt in die bestehenden Strukturen des PCOOA funktioniert. Als Verein sind wir deutschlandweit aktiv, dabei sind Mitglieder in der ganzen Bundesrepublik verstreut. Der PCOOA European Chapter e.V. ist der \u00e4lteste Zusammenschluss in ganz Europa f\u00fcr dieses Hobby.<\/p>\n<p>Rundum hat der Police Car Owners of America European Chapter e.V. viel zu bieten!<\/p>\n","protected":false},"excerpt":{"rendered":"<p>PCOOA \u2013 Was ist das \u00fcberhaupt? Vielleicht hat der eine oder andere bereits einmal diese Buchstabenkombination geh\u00f6rt bzw. irgendwo mal mitbekommen. \u201ePCOOA\u201c steht f\u00fcr Police Car Owners of America und ist der Name eines Zusammenschlusses&#8230;<\/p>\n","protected":false},"author":2,"featured_media":0,"parent":177,"menu_order":1,"comment_status":"closed","ping_status":"closed","template":"","meta":{"footnotes":""},"class_list":["post-10","page","type-page","status-publish","hentry"],"_links":{"self":[{"href":"https:\/\/police-car.com\/website\/wp-json\/wp\/v2\/pages\/10","targetHints":{"allow":["GET"]}}],"collection":[{"href":"https:\/\/police-car.com\/website\/wp-json\/wp\/v2\/pages"}],"about":[{"href":"https:\/\/police-car.com\/website\/wp-json\/wp\/v2\/types\/page"}],"author":[{"embeddable":true,"href":"https:\/\/police-car.com\/website\/wp-json\/wp\/v2\/users\/2"}],"replies":[{"embeddable":true,"href":"https:\/\/police-car.com\/website\/wp-json\/wp\/v2\/comments?post=10"}],"version-history":[{"count":27,"href":"https:\/\/police-car.com\/website\/wp-json\/wp\/v2\/pages\/10\/revisions"}],"predecessor-version":[{"id":4111,"href":"https:\/\/police-car.com\/website\/wp-json\/wp\/v2\/pages\/10\/revisions\/4111"}],"up":[{"embeddable":true,"href":"https:\/\/police-car.com\/website\/wp-json\/wp\/v2\/pages\/177"}],"wp:attachment":[{"href":"https:\/\/police-car.com\/website\/wp-json\/wp\/v2\/media?parent=10"}],"curies":[{"name":"wp","href":"https:\/\/api.w.org\/{rel}","templated":true}]}}