{"id":1823,"date":"2017-12-01T11:03:05","date_gmt":"2017-12-01T10:03:05","guid":{"rendered":"http:\/\/pcooa-ev.de\/website\/?page_id=1823"},"modified":"2020-11-06T20:00:38","modified_gmt":"2020-11-06T19:00:38","slug":"tag-der-blaulichter-ftz-wittmund-24-09-2017","status":"publish","type":"page","link":"https:\/\/police-car.com\/website\/tag-der-blaulichter-ftz-wittmund-24-09-2017\/","title":{"rendered":"&#8222;Tag der Blaulichter&#8220; &#8211; FTZ Wittmund 24.09.2017"},"content":{"rendered":"<p>Unsere Freunde bei der Polizei Wittmund baten erneut um unsere Unterst\u00fctzung und luden uns zum \u201eTag der Blaulichter\u201c an der Feuerwehrtechnischen Zentrale des Landkreises Wittmund ein.<\/p>\n<p>Es war ein klassischer Blaulichttag, an dem sich Feuerwehr, Rettungsdienste, Polizei und das THW pr\u00e4sentierten. Vielen interessierten Besuchern bot sich die M\u00f6glichkeit einen Blick hinter die Kulissen zu ergattern. Gerade f\u00fcr\u00a0 die \u201ekleinen\u201c Fans war es ein spannender Tag, denn f\u00fcr sie gab es viel zu entdecken und zu erleben.<\/p>\n<p>Der Tag fand nat\u00fcrlich nicht nur f\u00fcr die Kinder statt, sondern sollte auch die \u201eGro\u00dfen\u201c informieren. So demonstrierte die Feuerwehr Wittmund eindrucksvoll die Explosion eines Fettbrandes mittels des L\u00f6schversuchs mit Wasser, ebenso konnte mal selbst einmal mit einem Feuerl\u00f6scher einen Brand bek\u00e4mpfen. Der\u00a0 Kampfmittelbeseitigungsdienst erkl\u00e4rte Interessierten seine gef\u00e4hrliche Arbeit. In einem \u00dcberschlagssimulator konnte man an seinem eigenen Leibe einen Verkehrsunfall nacherleben.<\/p>\n<p>Die sportliche Fitness der Feuerwehrleute, die unter schwerem Atemschutz das Laufband nutzten, Leitersteigen demonstrierten, sowie einen engen Parcours im vernebelten Raum absolvierten, beeindruckte alle Besucher.<\/p>\n<p>Unsere Aufgabe bestand darin, die Polizei mit der Ausstellung unserer Fahrzeuge zu erg\u00e4nzen. So konnten die zahlreichen Besucher unsere detaillierten, originalgetreuen Fahrzeuge mit den deutschen Streifenwagen vergleichen und selbst einmal Platz nehmen.<\/p>\n<p>&nbsp;<\/p>\n<div id='gallery-2' class='gallery galleryid-1823 gallery-columns-3 gallery-size-thumbnail'><dl class='gallery-item'>\n\t\t\t<dt class='gallery-icon landscape'>\n\t\t\t\t<a href='https:\/\/police-car.com\/website\/wp-content\/uploads\/2017\/12\/IMG_3333.jpg' title=\"\" data-rl_title=\"\" class=\"rl-gallery-link\" data-rl_caption=\"\" data-rel=\"lightbox-gallery-2\"><img loading=\"lazy\" decoding=\"async\" width=\"245\" height=\"184\" src=\"https:\/\/police-car.com\/website\/wp-content\/uploads\/2017\/12\/IMG_3333-245x184.jpg\" class=\"attachment-thumbnail size-thumbnail\" alt=\"\" srcset=\"https:\/\/police-car.com\/website\/wp-content\/uploads\/2017\/12\/IMG_3333-245x184.jpg 245w, https:\/\/police-car.com\/website\/wp-content\/uploads\/2017\/12\/IMG_3333-300x225.jpg 300w, https:\/\/police-car.com\/website\/wp-content\/uploads\/2017\/12\/IMG_3333.jpg 1024w\" sizes=\"auto, (max-width: 245px) 100vw, 245px\" \/><\/a>\n\t\t\t<\/dt><\/dl><dl class='gallery-item'>\n\t\t\t<dt class='gallery-icon landscape'>\n\t\t\t\t<a href='https:\/\/police-car.com\/website\/wp-content\/uploads\/2017\/12\/IMG_3334.jpg' title=\"\" data-rl_title=\"\" class=\"rl-gallery-link\" data-rl_caption=\"\" data-rel=\"lightbox-gallery-2\"><img loading=\"lazy\" decoding=\"async\" width=\"245\" height=\"184\" src=\"https:\/\/police-car.com\/website\/wp-content\/uploads\/2017\/12\/IMG_3334-245x184.jpg\" class=\"attachment-thumbnail size-thumbnail\" alt=\"\" srcset=\"https:\/\/police-car.com\/website\/wp-content\/uploads\/2017\/12\/IMG_3334-245x184.jpg 245w, https:\/\/police-car.com\/website\/wp-content\/uploads\/2017\/12\/IMG_3334-300x225.jpg 300w, https:\/\/police-car.com\/website\/wp-content\/uploads\/2017\/12\/IMG_3334.jpg 1024w\" sizes=\"auto, (max-width: 245px) 100vw, 245px\" \/><\/a>\n\t\t\t<\/dt><\/dl><dl class='gallery-item'>\n\t\t\t<dt class='gallery-icon landscape'>\n\t\t\t\t<a href='https:\/\/police-car.com\/website\/wp-content\/uploads\/2017\/12\/IMG_3335.jpg' title=\"\" data-rl_title=\"\" class=\"rl-gallery-link\" data-rl_caption=\"\" data-rel=\"lightbox-gallery-2\"><img loading=\"lazy\" decoding=\"async\" width=\"245\" height=\"184\" src=\"https:\/\/police-car.com\/website\/wp-content\/uploads\/2017\/12\/IMG_3335-245x184.jpg\" class=\"attachment-thumbnail size-thumbnail\" alt=\"\" srcset=\"https:\/\/police-car.com\/website\/wp-content\/uploads\/2017\/12\/IMG_3335-245x184.jpg 245w, https:\/\/police-car.com\/website\/wp-content\/uploads\/2017\/12\/IMG_3335-300x225.jpg 300w, https:\/\/police-car.com\/website\/wp-content\/uploads\/2017\/12\/IMG_3335.jpg 1024w\" sizes=\"auto, (max-width: 245px) 100vw, 245px\" \/><\/a>\n\t\t\t<\/dt><\/dl><br style=\"clear: both\" \/><dl class='gallery-item'>\n\t\t\t<dt class='gallery-icon portrait'>\n\t\t\t\t<a href='https:\/\/police-car.com\/website\/wp-content\/uploads\/2017\/12\/Wittmund-Urkunde.jpg' title=\"\" data-rl_title=\"\" class=\"rl-gallery-link\" data-rl_caption=\"\" data-rel=\"lightbox-gallery-2\"><img loading=\"lazy\" decoding=\"async\" width=\"245\" height=\"184\" src=\"https:\/\/police-car.com\/website\/wp-content\/uploads\/2017\/12\/Wittmund-Urkunde-245x184.jpg\" class=\"attachment-thumbnail size-thumbnail\" alt=\"\" \/><\/a>\n\t\t\t<\/dt><\/dl>\n\t\t\t<br style='clear: both' \/>\n\t\t<\/div>\n\n","protected":false},"excerpt":{"rendered":"<p>Unsere Freunde bei der Polizei Wittmund baten erneut um unsere Unterst\u00fctzung und luden uns zum \u201eTag der Blaulichter\u201c an der Feuerwehrtechnischen Zentrale des Landkreises Wittmund ein. Es war ein klassischer Blaulichttag, an dem sich Feuerwehr,&#8230;<\/p>\n","protected":false},"author":3,"featured_media":0,"parent":0,"menu_order":0,"comment_status":"closed","ping_status":"closed","template":"","meta":{"footnotes":""},"class_list":["post-1823","page","type-page","status-publish","hentry"],"_links":{"self":[{"href":"https:\/\/police-car.com\/website\/wp-json\/wp\/v2\/pages\/1823","targetHints":{"allow":["GET"]}}],"collection":[{"href":"https:\/\/police-car.com\/website\/wp-json\/wp\/v2\/pages"}],"about":[{"href":"https:\/\/police-car.com\/website\/wp-json\/wp\/v2\/types\/page"}],"author":[{"embeddable":true,"href":"https:\/\/police-car.com\/website\/wp-json\/wp\/v2\/users\/3"}],"replies":[{"embeddable":true,"href":"https:\/\/police-car.com\/website\/wp-json\/wp\/v2\/comments?post=1823"}],"version-history":[{"count":10,"href":"https:\/\/police-car.com\/website\/wp-json\/wp\/v2\/pages\/1823\/revisions"}],"predecessor-version":[{"id":2469,"href":"https:\/\/police-car.com\/website\/wp-json\/wp\/v2\/pages\/1823\/revisions\/2469"}],"wp:attachment":[{"href":"https:\/\/police-car.com\/website\/wp-json\/wp\/v2\/media?parent=1823"}],"curies":[{"name":"wp","href":"https:\/\/api.w.org\/{rel}","templated":true}]}}

<p>Unsere Freunde bei der Polizei Wittmund baten erneut um unsere Unterstützung und luden uns zum „Tag der Blaulichter“ an der Feuerwehrtechnischen Zentrale des Landkreises Wittmund ein.</p>
<p>Es war ein klassischer Blaulichttag, an dem sich Feuerwehr, Rettungsdienste, Polizei und das THW präsentierten. Vielen interessierten Besuchern bot sich die Möglichkeit einen Blick hinter die Kulissen zu ergattern. Gerade für  die „kleinen“ Fans war es ein spannender Tag, denn für sie gab es viel zu entdecken und zu erleben.</p>
<p>Der Tag fand natürlich nicht nur für die Kinder statt, sondern sollte auch die „Großen“ informieren. So demonstrierte die Feuerwehr Wittmund eindrucksvoll die Explosion eines Fettbrandes mittels des Löschversuchs mit Wasser, ebenso konnte mal selbst einmal mit einem Feuerlöscher einen Brand bekämpfen. Der  Kampfmittelbeseitigungsdienst erklärte Interessierten seine gefährliche Arbeit. In einem Überschlagssimulator konnte man an seinem eigenen Leibe einen Verkehrsunfall nacherleben.</p>
<p>Die sportliche Fitness der Feuerwehrleute, die unter schwerem Atemschutz das Laufband nutzten, Leitersteigen demonstrierten, sowie einen engen Parcours im vernebelten Raum absolvierten, beeindruckte alle Besucher.</p>
<p>Unsere Aufgabe bestand darin, die Polizei mit der Ausstellung unserer Fahrzeuge zu ergänzen. So konnten die zahlreichen Besucher unsere detaillierten, originalgetreuen Fahrzeuge mit den deutschen Streifenwagen vergleichen und selbst einmal Platz nehmen.</p>
<p>&nbsp;</p>
<div id='gallery-2' class='gallery galleryid-1823 gallery-columns-3 gallery-size-thumbnail'><dl class='gallery-item'>
			<dt class='gallery-icon landscape'>
				<a href='https://police-car.com/website/wp-content/uploads/2017/12/IMG_3333.jpg' title="" data-rl_title="" class="rl-gallery-link" data-rl_caption="" data-rel="lightbox-gallery-2"><img loading="lazy" decoding="async" width="245" height="184" src="https://police-car.com/website/wp-content/uploads/2017/12/IMG_3333-245x184.jpg" class="attachment-thumbnail size-thumbnail" alt="" srcset="https://police-car.com/website/wp-content/uploads/2017/12/IMG_3333-245x184.jpg 245w, https://police-car.com/website/wp-content/uploads/2017/12/IMG_3333-300x225.jpg 300w, https://police-car.com/website/wp-content/uploads/2017/12/IMG_3333.jpg 1024w" sizes="auto, (max-width: 245px) 100vw, 245px" /></a>
			</dt></dl><dl class='gallery-item'>
			<dt class='gallery-icon landscape'>
				<a href='https://police-car.com/website/wp-content/uploads/2017/12/IMG_3334.jpg' title="" data-rl_title="" class="rl-gallery-link" data-rl_caption="" data-rel="lightbox-gallery-2"><img loading="lazy" decoding="async" width="245" height="184" src="https://police-car.com/website/wp-content/uploads/2017/12/IMG_3334-245x184.jpg" class="attachment-thumbnail size-thumbnail" alt="" srcset="https://police-car.com/website/wp-content/uploads/2017/12/IMG_3334-245x184.jpg 245w, https://police-car.com/website/wp-content/uploads/2017/12/IMG_3334-300x225.jpg 300w, https://police-car.com/website/wp-content/uploads/2017/12/IMG_3334.jpg 1024w" sizes="auto, (max-width: 245px) 100vw, 245px" /></a>
			</dt></dl><dl class='gallery-item'>
			<dt class='gallery-icon landscape'>
				<a href='https://police-car.com/website/wp-content/uploads/2017/12/IMG_3335.jpg' title="" data-rl_title="" class="rl-gallery-link" data-rl_caption="" data-rel="lightbox-gallery-2"><img loading="lazy" decoding="async" width="245" height="184" src="https://police-car.com/website/wp-content/uploads/2017/12/IMG_3335-245x184.jpg" class="attachment-thumbnail size-thumbnail" alt="" srcset="https://police-car.com/website/wp-content/uploads/2017/12/IMG_3335-245x184.jpg 245w, https://police-car.com/website/wp-content/uploads/2017/12/IMG_3335-300x225.jpg 300w, https://police-car.com/website/wp-content/uploads/2017/12/IMG_3335.jpg 1024w" sizes="auto, (max-width: 245px) 100vw, 245px" /></a>
			</dt></dl><br style="clear: both" /><dl class='gallery-item'>
			<dt class='gallery-icon portrait'>
				<a href='https://police-car.com/website/wp-content/uploads/2017/12/Wittmund-Urkunde.jpg' title="" data-rl_title="" class="rl-gallery-link" data-rl_caption="" data-rel="lightbox-gallery-2"><img loading="lazy" decoding="async" width="245" height="184" src="https://police-car.com/website/wp-content/uploads/2017/12/Wittmund-Urkunde-245x184.jpg" class="attachment-thumbnail size-thumbnail" alt="" /></a>
			</dt></dl>
			<br style='clear: both' />
		</div>

<p>Unsere Freunde bei der Polizei Wittmund baten erneut um unsere Unterstützung und luden uns zum „Tag der Blaulichter“ an der Feuerwehrtechnischen Zentrale des Landkreises Wittmund ein. Es war ein klassischer Blaulichttag, an dem sich Feuerwehr,&#8230;</p>
