{"id":2593,"date":"2018-01-03T21:49:53","date_gmt":"2018-01-03T20:49:53","guid":{"rendered":"http:\/\/pcooa-ev.de\/website\/?page_id=2593"},"modified":"2020-11-10T20:09:25","modified_gmt":"2020-11-10T19:09:25","slug":"familientag-ffw-muelheim-an-der-ruhr-08-08-2015","status":"publish","type":"page","link":"https:\/\/police-car.com\/website\/familientag-ffw-muelheim-an-der-ruhr-08-08-2015\/","title":{"rendered":"Familientag &#8211; FFW M\u00fclheim an der Ruhr 08.08.2015"},"content":{"rendered":"<p>[:de]<span class=\" _2ieo\">Heute unterst\u00fctzten zwei unserer Mitglieder den Familientag der Freiwilligen Feuerwehr M\u00fclheim an der Ruhr.<br \/>\nDie Feuerwehr bot dem interessierten Publikum einen aufregenden Tag f\u00fcr Jung und Alt. Auch nutzen die Besucher die Chance einmal hinter den Kulissen der Feuerwehrarbeit zu schauen.<\/span><\/p>\n<p>Wir durften uns vor der Fahrzeughalle pr\u00e4sentieren und konnten damit vielen Kindern eine Freude bereiten.<\/p>\n<p><span class=\" _2ieo\">Vielen Dank auch auf diesem Wege an die FFW M\u00fclheim an der Ruhr, es war auch f\u00fcr uns ein toller Tag bei euch!<\/span><\/p>\n<p><div id='gallery-2' class='gallery galleryid-2593 gallery-columns-3 gallery-size-thumbnail'><dl class='gallery-item'>\n\t\t\t<dt class='gallery-icon landscape'>\n\t\t\t\t<a href='https:\/\/police-car.com\/website\/wp-content\/uploads\/2018\/01\/IMG-20150808-WA0001.jpg' title=\"\" data-rl_title=\"\" class=\"rl-gallery-link\" data-rl_caption=\"\" data-rel=\"lightbox-gallery-2\"><img loading=\"lazy\" decoding=\"async\" width=\"245\" height=\"184\" src=\"https:\/\/police-car.com\/website\/wp-content\/uploads\/2018\/01\/IMG-20150808-WA0001-245x184.jpg\" class=\"attachment-thumbnail size-thumbnail\" alt=\"\" \/><\/a>\n\t\t\t<\/dt><\/dl><dl class='gallery-item'>\n\t\t\t<dt class='gallery-icon landscape'>\n\t\t\t\t<a href='https:\/\/police-car.com\/website\/wp-content\/uploads\/2018\/01\/IMG-20150808-WA0002.jpg' title=\"\" data-rl_title=\"\" class=\"rl-gallery-link\" data-rl_caption=\"\" data-rel=\"lightbox-gallery-2\"><img loading=\"lazy\" decoding=\"async\" width=\"245\" height=\"184\" src=\"https:\/\/police-car.com\/website\/wp-content\/uploads\/2018\/01\/IMG-20150808-WA0002-245x184.jpg\" class=\"attachment-thumbnail size-thumbnail\" alt=\"\" \/><\/a>\n\t\t\t<\/dt><\/dl><dl class='gallery-item'>\n\t\t\t<dt class='gallery-icon landscape'>\n\t\t\t\t<a href='https:\/\/police-car.com\/website\/wp-content\/uploads\/2018\/01\/IMG-20150808-WA0003.jpg' title=\"\" data-rl_title=\"\" class=\"rl-gallery-link\" data-rl_caption=\"\" data-rel=\"lightbox-gallery-2\"><img loading=\"lazy\" decoding=\"async\" width=\"245\" height=\"184\" src=\"https:\/\/police-car.com\/website\/wp-content\/uploads\/2018\/01\/IMG-20150808-WA0003-245x184.jpg\" class=\"attachment-thumbnail size-thumbnail\" alt=\"\" \/><\/a>\n\t\t\t<\/dt><\/dl><br style=\"clear: both\" \/><dl class='gallery-item'>\n\t\t\t<dt class='gallery-icon landscape'>\n\t\t\t\t<a href='https:\/\/police-car.com\/website\/wp-content\/uploads\/2018\/01\/IMG-20150808-WA0026.jpg' title=\"\" data-rl_title=\"\" class=\"rl-gallery-link\" data-rl_caption=\"\" data-rel=\"lightbox-gallery-2\"><img loading=\"lazy\" decoding=\"async\" width=\"245\" height=\"184\" src=\"https:\/\/police-car.com\/website\/wp-content\/uploads\/2018\/01\/IMG-20150808-WA0026-245x184.jpg\" class=\"attachment-thumbnail size-thumbnail\" alt=\"\" \/><\/a>\n\t\t\t<\/dt><\/dl><dl class='gallery-item'>\n\t\t\t<dt class='gallery-icon landscape'>\n\t\t\t\t<a href='https:\/\/police-car.com\/website\/wp-content\/uploads\/2018\/01\/IMG-20150808-WA0030.jpg' title=\"\" data-rl_title=\"\" class=\"rl-gallery-link\" data-rl_caption=\"\" data-rel=\"lightbox-gallery-2\"><img loading=\"lazy\" decoding=\"async\" width=\"245\" height=\"184\" src=\"https:\/\/police-car.com\/website\/wp-content\/uploads\/2018\/01\/IMG-20150808-WA0030-245x184.jpg\" class=\"attachment-thumbnail size-thumbnail\" alt=\"\" \/><\/a>\n\t\t\t<\/dt><\/dl><dl class='gallery-item'>\n\t\t\t<dt class='gallery-icon landscape'>\n\t\t\t\t<a href='https:\/\/police-car.com\/website\/wp-content\/uploads\/2018\/01\/IMG-20150808-WA0031.jpg' title=\"\" data-rl_title=\"\" class=\"rl-gallery-link\" data-rl_caption=\"\" data-rel=\"lightbox-gallery-2\"><img loading=\"lazy\" decoding=\"async\" width=\"245\" height=\"184\" src=\"https:\/\/police-car.com\/website\/wp-content\/uploads\/2018\/01\/IMG-20150808-WA0031-245x184.jpg\" class=\"attachment-thumbnail size-thumbnail\" alt=\"\" \/><\/a>\n\t\t\t<\/dt><\/dl><br style=\"clear: both\" \/>\n\t\t<\/div>\n[:en]<span class=\" _2ieo\">Heute unterst\u00fctzten zwei unserer Mitglieder den Familientag der Freiwilligen Feuerwehr M\u00fclheim an der Ruhr.<br \/>\nDie Feuerwehr bot dem interessierten Publikum einen aufregenden Tag f\u00fcr Jung und Alt. Auch nutzen die Besucher die Chance einmal hinter den Kulissen der Feuerwehrarbeit zu schauen.<\/p>\n<p>Wir durften uns vor der Fahrzeughalle pr\u00e4sentieren und konnten damit vielen Kindern eine Freude bereiten. <\/span><\/p>\n<p><span class=\" _2ieo\">Vielen Dank auch auf diesem Wege an die FFW M\u00fclheim an der Ruhr, es war auch f\u00fcr uns ein toller Tag bei euch!<\/span><\/p>\n<p><div id='gallery-4' class='gallery galleryid-2593 gallery-columns-3 gallery-size-thumbnail'><dl class='gallery-item'>\n\t\t\t<dt class='gallery-icon landscape'>\n\t\t\t\t<a href='https:\/\/police-car.com\/website\/wp-content\/uploads\/2018\/01\/IMG-20150808-WA0001.jpg' title=\"\" data-rl_title=\"\" class=\"rl-gallery-link\" data-rl_caption=\"\" data-rel=\"lightbox-gallery-4\"><img loading=\"lazy\" decoding=\"async\" width=\"245\" height=\"184\" src=\"https:\/\/police-car.com\/website\/wp-content\/uploads\/2018\/01\/IMG-20150808-WA0001-245x184.jpg\" class=\"attachment-thumbnail size-thumbnail\" alt=\"\" \/><\/a>\n\t\t\t<\/dt><\/dl><dl class='gallery-item'>\n\t\t\t<dt class='gallery-icon landscape'>\n\t\t\t\t<a href='https:\/\/police-car.com\/website\/wp-content\/uploads\/2018\/01\/IMG-20150808-WA0002.jpg' title=\"\" data-rl_title=\"\" class=\"rl-gallery-link\" data-rl_caption=\"\" data-rel=\"lightbox-gallery-4\"><img loading=\"lazy\" decoding=\"async\" width=\"245\" height=\"184\" src=\"https:\/\/police-car.com\/website\/wp-content\/uploads\/2018\/01\/IMG-20150808-WA0002-245x184.jpg\" class=\"attachment-thumbnail size-thumbnail\" alt=\"\" \/><\/a>\n\t\t\t<\/dt><\/dl><dl class='gallery-item'>\n\t\t\t<dt class='gallery-icon landscape'>\n\t\t\t\t<a href='https:\/\/police-car.com\/website\/wp-content\/uploads\/2018\/01\/IMG-20150808-WA0003.jpg' title=\"\" data-rl_title=\"\" class=\"rl-gallery-link\" data-rl_caption=\"\" data-rel=\"lightbox-gallery-4\"><img loading=\"lazy\" decoding=\"async\" width=\"245\" height=\"184\" src=\"https:\/\/police-car.com\/website\/wp-content\/uploads\/2018\/01\/IMG-20150808-WA0003-245x184.jpg\" class=\"attachment-thumbnail size-thumbnail\" alt=\"\" \/><\/a>\n\t\t\t<\/dt><\/dl><br style=\"clear: both\" \/><dl class='gallery-item'>\n\t\t\t<dt class='gallery-icon landscape'>\n\t\t\t\t<a href='https:\/\/police-car.com\/website\/wp-content\/uploads\/2018\/01\/IMG-20150808-WA0026.jpg' title=\"\" data-rl_title=\"\" class=\"rl-gallery-link\" data-rl_caption=\"\" data-rel=\"lightbox-gallery-4\"><img loading=\"lazy\" decoding=\"async\" width=\"245\" height=\"184\" src=\"https:\/\/police-car.com\/website\/wp-content\/uploads\/2018\/01\/IMG-20150808-WA0026-245x184.jpg\" class=\"attachment-thumbnail size-thumbnail\" alt=\"\" \/><\/a>\n\t\t\t<\/dt><\/dl><dl class='gallery-item'>\n\t\t\t<dt class='gallery-icon landscape'>\n\t\t\t\t<a href='https:\/\/police-car.com\/website\/wp-content\/uploads\/2018\/01\/IMG-20150808-WA0030.jpg' title=\"\" data-rl_title=\"\" class=\"rl-gallery-link\" data-rl_caption=\"\" data-rel=\"lightbox-gallery-4\"><img loading=\"lazy\" decoding=\"async\" width=\"245\" height=\"184\" src=\"https:\/\/police-car.com\/website\/wp-content\/uploads\/2018\/01\/IMG-20150808-WA0030-245x184.jpg\" class=\"attachment-thumbnail size-thumbnail\" alt=\"\" \/><\/a>\n\t\t\t<\/dt><\/dl><dl class='gallery-item'>\n\t\t\t<dt class='gallery-icon landscape'>\n\t\t\t\t<a href='https:\/\/police-car.com\/website\/wp-content\/uploads\/2018\/01\/IMG-20150808-WA0031.jpg' title=\"\" data-rl_title=\"\" class=\"rl-gallery-link\" data-rl_caption=\"\" data-rel=\"lightbox-gallery-4\"><img loading=\"lazy\" decoding=\"async\" width=\"245\" height=\"184\" src=\"https:\/\/police-car.com\/website\/wp-content\/uploads\/2018\/01\/IMG-20150808-WA0031-245x184.jpg\" class=\"attachment-thumbnail size-thumbnail\" alt=\"\" \/><\/a>\n\t\t\t<\/dt><\/dl><br style=\"clear: both\" \/>\n\t\t<\/div>\n[:]<\/p>\n","protected":false},"excerpt":{"rendered":"<p>[:de]Heute unterst\u00fctzten zwei unserer Mitglieder den Familientag der Freiwilligen Feuerwehr M\u00fclheim an der Ruhr. Die Feuerwehr bot dem interessierten Publikum einen aufregenden Tag f\u00fcr Jung und Alt. Auch nutzen die Besucher die Chance einmal hinter&#8230;<\/p>\n","protected":false},"author":3,"featured_media":0,"parent":0,"menu_order":0,"comment_status":"closed","ping_status":"closed","template":"","meta":{"footnotes":""},"class_list":["post-2593","page","type-page","status-publish","hentry"],"_links":{"self":[{"href":"https:\/\/police-car.com\/website\/wp-json\/wp\/v2\/pages\/2593","targetHints":{"allow":["GET"]}}],"collection":[{"href":"https:\/\/police-car.com\/website\/wp-json\/wp\/v2\/pages"}],"about":[{"href":"https:\/\/police-car.com\/website\/wp-json\/wp\/v2\/types\/page"}],"author":[{"embeddable":true,"href":"https:\/\/police-car.com\/website\/wp-json\/wp\/v2\/users\/3"}],"replies":[{"embeddable":true,"href":"https:\/\/police-car.com\/website\/wp-json\/wp\/v2\/comments?post=2593"}],"version-history":[{"count":2,"href":"https:\/\/police-car.com\/website\/wp-json\/wp\/v2\/pages\/2593\/revisions"}],"predecessor-version":[{"id":4015,"href":"https:\/\/police-car.com\/website\/wp-json\/wp\/v2\/pages\/2593\/revisions\/4015"}],"wp:attachment":[{"href":"https:\/\/police-car.com\/website\/wp-json\/wp\/v2\/media?parent=2593"}],"curies":[{"name":"wp","href":"https:\/\/api.w.org\/{rel}","templated":true}]}}

Familientag &#8211; FFW Mülheim an der Ruhr 08.08.2015

<p>[:de]<span class=" _2ieo">Heute unterstützten zwei unserer Mitglieder den Familientag der Freiwilligen Feuerwehr Mülheim an der Ruhr.<br />
Die Feuerwehr bot dem interessierten Publikum einen aufregenden Tag für Jung und Alt. Auch nutzen die Besucher die Chance einmal hinter den Kulissen der Feuerwehrarbeit zu schauen.</span></p>
<p>Wir durften uns vor der Fahrzeughalle präsentieren und konnten damit vielen Kindern eine Freude bereiten.</p>
<p><span class=" _2ieo">Vielen Dank auch auf diesem Wege an die FFW Mülheim an der Ruhr, es war auch für uns ein toller Tag bei euch!</span></p>
<p><div id='gallery-2' class='gallery galleryid-2593 gallery-columns-3 gallery-size-thumbnail'><dl class='gallery-item'>
			<dt class='gallery-icon landscape'>
				<a href='https://police-car.com/website/wp-content/uploads/2018/01/IMG-20150808-WA0001.jpg' title="" data-rl_title="" class="rl-gallery-link" data-rl_caption="" data-rel="lightbox-gallery-2"><img loading="lazy" decoding="async" width="245" height="184" src="https://police-car.com/website/wp-content/uploads/2018/01/IMG-20150808-WA0001-245x184.jpg" class="attachment-thumbnail size-thumbnail" alt="" /></a>
			</dt></dl><dl class='gallery-item'>
			<dt class='gallery-icon landscape'>
				<a href='https://police-car.com/website/wp-content/uploads/2018/01/IMG-20150808-WA0002.jpg' title="" data-rl_title="" class="rl-gallery-link" data-rl_caption="" data-rel="lightbox-gallery-2"><img loading="lazy" decoding="async" width="245" height="184" src="https://police-car.com/website/wp-content/uploads/2018/01/IMG-20150808-WA0002-245x184.jpg" class="attachment-thumbnail size-thumbnail" alt="" /></a>
			</dt></dl><dl class='gallery-item'>
			<dt class='gallery-icon landscape'>
				<a href='https://police-car.com/website/wp-content/uploads/2018/01/IMG-20150808-WA0003.jpg' title="" data-rl_title="" class="rl-gallery-link" data-rl_caption="" data-rel="lightbox-gallery-2"><img loading="lazy" decoding="async" width="245" height="184" src="https://police-car.com/website/wp-content/uploads/2018/01/IMG-20150808-WA0003-245x184.jpg" class="attachment-thumbnail size-thumbnail" alt="" /></a>
			</dt></dl><br style="clear: both" /><dl class='gallery-item'>
			<dt class='gallery-icon landscape'>
				<a href='https://police-car.com/website/wp-content/uploads/2018/01/IMG-20150808-WA0026.jpg' title="" data-rl_title="" class="rl-gallery-link" data-rl_caption="" data-rel="lightbox-gallery-2"><img loading="lazy" decoding="async" width="245" height="184" src="https://police-car.com/website/wp-content/uploads/2018/01/IMG-20150808-WA0026-245x184.jpg" class="attachment-thumbnail size-thumbnail" alt="" /></a>
			</dt></dl><dl class='gallery-item'>
			<dt class='gallery-icon landscape'>
				<a href='https://police-car.com/website/wp-content/uploads/2018/01/IMG-20150808-WA0030.jpg' title="" data-rl_title="" class="rl-gallery-link" data-rl_caption="" data-rel="lightbox-gallery-2"><img loading="lazy" decoding="async" width="245" height="184" src="https://police-car.com/website/wp-content/uploads/2018/01/IMG-20150808-WA0030-245x184.jpg" class="attachment-thumbnail size-thumbnail" alt="" /></a>
			</dt></dl><dl class='gallery-item'>
			<dt class='gallery-icon landscape'>
				<a href='https://police-car.com/website/wp-content/uploads/2018/01/IMG-20150808-WA0031.jpg' title="" data-rl_title="" class="rl-gallery-link" data-rl_caption="" data-rel="lightbox-gallery-2"><img loading="lazy" decoding="async" width="245" height="184" src="https://police-car.com/website/wp-content/uploads/2018/01/IMG-20150808-WA0031-245x184.jpg" class="attachment-thumbnail size-thumbnail" alt="" /></a>
			</dt></dl><br style="clear: both" />
		</div>
[:en]<span class=" _2ieo">Heute unterstützten zwei unserer Mitglieder den Familientag der Freiwilligen Feuerwehr Mülheim an der Ruhr.<br />
Die Feuerwehr bot dem interessierten Publikum einen aufregenden Tag für Jung und Alt. Auch nutzen die Besucher die Chance einmal hinter den Kulissen der Feuerwehrarbeit zu schauen.</p>
<p>Wir durften uns vor der Fahrzeughalle präsentieren und konnten damit vielen Kindern eine Freude bereiten. </span></p>
<p><span class=" _2ieo">Vielen Dank auch auf diesem Wege an die FFW Mülheim an der Ruhr, es war auch für uns ein toller Tag bei euch!</span></p>
<p><div id='gallery-4' class='gallery galleryid-2593 gallery-columns-3 gallery-size-thumbnail'><dl class='gallery-item'>
			<dt class='gallery-icon landscape'>
				<a href='https://police-car.com/website/wp-content/uploads/2018/01/IMG-20150808-WA0001.jpg' title="" data-rl_title="" class="rl-gallery-link" data-rl_caption="" data-rel="lightbox-gallery-4"><img loading="lazy" decoding="async" width="245" height="184" src="https://police-car.com/website/wp-content/uploads/2018/01/IMG-20150808-WA0001-245x184.jpg" class="attachment-thumbnail size-thumbnail" alt="" /></a>
			</dt></dl><dl class='gallery-item'>
			<dt class='gallery-icon landscape'>
				<a href='https://police-car.com/website/wp-content/uploads/2018/01/IMG-20150808-WA0002.jpg' title="" data-rl_title="" class="rl-gallery-link" data-rl_caption="" data-rel="lightbox-gallery-4"><img loading="lazy" decoding="async" width="245" height="184" src="https://police-car.com/website/wp-content/uploads/2018/01/IMG-20150808-WA0002-245x184.jpg" class="attachment-thumbnail size-thumbnail" alt="" /></a>
			</dt></dl><dl class='gallery-item'>
			<dt class='gallery-icon landscape'>
				<a href='https://police-car.com/website/wp-content/uploads/2018/01/IMG-20150808-WA0003.jpg' title="" data-rl_title="" class="rl-gallery-link" data-rl_caption="" data-rel="lightbox-gallery-4"><img loading="lazy" decoding="async" width="245" height="184" src="https://police-car.com/website/wp-content/uploads/2018/01/IMG-20150808-WA0003-245x184.jpg" class="attachment-thumbnail size-thumbnail" alt="" /></a>
			</dt></dl><br style="clear: both" /><dl class='gallery-item'>
			<dt class='gallery-icon landscape'>
				<a href='https://police-car.com/website/wp-content/uploads/2018/01/IMG-20150808-WA0026.jpg' title="" data-rl_title="" class="rl-gallery-link" data-rl_caption="" data-rel="lightbox-gallery-4"><img loading="lazy" decoding="async" width="245" height="184" src="https://police-car.com/website/wp-content/uploads/2018/01/IMG-20150808-WA0026-245x184.jpg" class="attachment-thumbnail size-thumbnail" alt="" /></a>
			</dt></dl><dl class='gallery-item'>
			<dt class='gallery-icon landscape'>
				<a href='https://police-car.com/website/wp-content/uploads/2018/01/IMG-20150808-WA0030.jpg' title="" data-rl_title="" class="rl-gallery-link" data-rl_caption="" data-rel="lightbox-gallery-4"><img loading="lazy" decoding="async" width="245" height="184" src="https://police-car.com/website/wp-content/uploads/2018/01/IMG-20150808-WA0030-245x184.jpg" class="attachment-thumbnail size-thumbnail" alt="" /></a>
			</dt></dl><dl class='gallery-item'>
			<dt class='gallery-icon landscape'>
				<a href='https://police-car.com/website/wp-content/uploads/2018/01/IMG-20150808-WA0031.jpg' title="" data-rl_title="" class="rl-gallery-link" data-rl_caption="" data-rel="lightbox-gallery-4"><img loading="lazy" decoding="async" width="245" height="184" src="https://police-car.com/website/wp-content/uploads/2018/01/IMG-20150808-WA0031-245x184.jpg" class="attachment-thumbnail size-thumbnail" alt="" /></a>
			</dt></dl><br style="clear: both" />
		</div>
[:]</p>

<p>[:de]Heute unterstützten zwei unserer Mitglieder den Familientag der Freiwilligen Feuerwehr Mülheim an der Ruhr. Die Feuerwehr bot dem interessierten Publikum einen aufregenden Tag für Jung und Alt. Auch nutzen die Besucher die Chance einmal hinter&#8230;</p>
